 w(q) = 16*q - 58. Give w(8).
70
Let m(a) = -a**2 - 208*a + 635. Calculate m(3).
2
Let h(t) = -2*t**2 + 23*t - 151. What is h(18)?
-385
Let x(v) = 5925*v - 5933. What is x(1)?
-8
Let y(x) = x**3 + 38*x**2 + 248*x + 227. Determine y(-7).
10
Let o(c) = 188*c + 940. Determine o(-5).
0
Let w(j) = 114*j + 1249. Determine w(-11).
-5
Let r(q) = -12*q + 1192. Determine r(82).
208
Let u(c) = 58*c - 209. What is u(4)?
23
Let r(t) = -t**2 + 28*t + 10635. Calculate r(118).
15
Let z(i) = -771*i - 9242. Determine z(-12).
10
Let k(v) = v**3 + 13*v**2 + 21*v + 768. Give k(-15).
3
Let p(v) = -5048*v - 50484. Give p(-10).
-4
Let o(a) = 21*a + 1368. Calculate o(-65).
3
Let q(z) = -324*z + 11031. What is q(34)?
15
Let v(p) = -3137*p + 28243. Give v(9).
10
Let b(u) = -491*u + 497. Calculate b(1).
6
Let i(m) = -m**3 - 2*m**2 + 11*m - 27. What is i(3)?
-39
Let w(q) = q**3 - 14*q**2 - 45*q - 20. Calculate w(17).
82
Let q(l) = 15*l**2 + 4*l + 15. Determine q(-1).
26
Let c(u) = -240*u - 987. Determine c(-5).
213
Let j(u) = 54*u**2 - 3186*u - 76. Calculate j(59).
-76
Let g(z) = z**3 - 43*z**2 - 30*z - 612. Give g(44).
4
Let u(y) = 123*y - 1523. Determine u(12).
-47
Let p(h) = 341*h + 2347. What is p(-7)?
-40
Let l(n) = -416*n - 2507. Determine l(-6).
-11
Let w(y) = -y**3 - 6*y**2 - 86*y - 333. Calculate w(-4).
-21
Let u(g) = -3*g**3 - 56*g**2 + 15*g - 6. Give u(-19).
70
Let p(q) = q**3 + 14*q**2 - 174*q - 48. Calculate p(8).
-32
Let v(t) = -2*t**2 + 313*t - 3207. What is v(11)?
-6
Let m(s) = s**3 + 5*s**2 + 6*s - 72. Give m(-6).
-144
Let n(g) = 22*g - 179. Calculate n(7).
-25
Let n(x) = x**3 + 13*x**2 + 654*x + 8505. Give n(-13).
3
Let a(w) = -10*w**2 + 89*w + 90. What is a(-1)?
-9
Let n(x) = x**2 - 31*x - 948. Calculate n(-19).
2
Let n(u) = 41*u**2 - 18*u - 21. Give n(1).
2
Let q(a) = 2653*a + 79590. Give q(-30).
0
Let p(i) = 107*i + 21400. What is p(-200)?
0
Let x(y) = y**3 - 9*y**2 - 7*y + 157. What is x(7)?
10
Let r(c) = 4*c**2 - 304*c + 128. Calculate r(74).
-464
Let x(t) = -6*t**2 + 37*t - 9. Calculate x(6).
-3
Let u(x) = 11*x + 16. Determine u(3).
49
Let o(a) = -2277*a + 79694. What is o(35)?
-1
Let n(x) = -11*x + 194. Calculate n(27).
-103
Let w(r) = -1158*r**2 + 78741*r + 205. Determine w(68).
1
Let k(y) = 21801*y + 87207. Determine k(-4).
3
Let o(c) = 2037*c + 14258. Give o(-7).
-1
Let u(l) = 58*l - 586. Calculate u(12).
110
Let k(t) = -69*t + 33. What is k(2)?
-105
Let p(z) = z**3 - 58*z**2 - 112*z - 479. Calculate p(60).
1
Let y(w) = 9*w**2 - 511*w - 130. Determine y(57).
-16
Let d(z) = z**3 + 30*z**2 + 44*z + 130. What is d(-29)?
-305
Let a(d) = -6*d**2 - 63*d - 82. Determine a(-9).
-1
Let s(y) = 857*y + 30851. Give s(-36).
-1
Let o(d) = -13*d + 275. What is o(25)?
-50
Let f(b) = -356*b - 2420. Determine f(-7).
72
Let k(v) = 8514*v + 17027. What is k(-2)?
-1
Let w(u) = u**2 + u + 70. Determine w(18).
412
Let y(n) = -42*n + 181. Give y(5).
-29
Let y(k) = k**3 + 5*k**2 + 41*k + 141. What is y(-4)?
-7
Let a(u) = u**3 + 19*u**2 - 76*u + 21. What is a(-22)?
241
Let d(o) = -2*o**2 - 92*o - 962. Give d(-33).
-104
Let y(a) = -a**3 - 10*a**2 - 32*a - 36. Give y(-5).
-1
Let y(k) = 2*k**3 - 13*k**2 - 207*k - 24. Calculate y(14).
18
Let o(w) = -3*w**2 - 22*w + 796. Determine o(-20).
36
Let i(k) = 87*k**2 - 7*k + 6. Give i(2).
340
Let f(z) = 20*z**3 - 201*z**2 + 22*z + 5. Determine f(10).
125
Let x(d) = -47*d - 2747. Calculate x(-58).
-21
Let t(w) = 75*w**2 + 753*w + 1. Determine t(-10).
-29
Let h(a) = -58*a - 822. What is h(-12)?
-126
Let i(h) = -42*h + 85. Give i(2).
1
Let n(a) = 12*a + 566. Calculate n(-43).
50
Let p(t) = t**3 + 9*t**2 - 13*t - 28. Give p(-8).
140
Let r(c) = c**3 + 3*c**2 + 5*c + 20. Give r(-4).
-16
Let d(i) = 3*i**2 + 29*i - 155. Determine d(4).
9
Let t(n) = -2*n**2 - 92*n + 327. Determine t(-49).
33
Let y(u) = 91*u**3 + 3*u**2 + 2*u + 3. Calculate y(-1).
-87
Let r(c) = 4*c**3 - 9*c**2 + 28*c - 41. What is r(3)?
70
Let u(c) = -587*c - 3521. Give u(-6).
1
Let t(q) = q**3 - 9*q**2 + 66*q - 383. Calculate t(7).
-19
Let b(i) = 67*i - 337. Calculate b(5).
-2
Let x(i) = -46*i + 70. Give x(8).
-298
Let u(b) = -3*b + 85. What is u(29)?
-2
Let g(b) = -17*b**2 + 449*b - 147. What is g(26)?
35
Let p(o) = -o**3 - 3*o**2 + 9*o + 33. What is p(0)?
33
Let c(s) = 23*s**3 - s**2 - 1790*s - 1790. What is c(-1)?
-24
Let n(t) = -2*t**2 - 141*t - 642. Determine n(-5).
13
Let o(k) = -182*k + 1095. Determine o(5).
185
Let h(p) = 39*p**2 - 1563*p + 125. What is h(40)?
5
Let q(j) = -j**3 + 10*j**2 + 16*j + 44. Give q(12).
-52
Let z(s) = -4*s**3 + 7*s**2 + 22*s - 124. What is z(4)?
-180
Let c(u) = -7*u**2 + 42*u - 67. Give c(9).
-256
Let b(f) = -145*f - 121. What is b(0)?
-121
Let z(j) = -j**2 + 69*j + 254. What is z(-3)?
38
Let i(n) = 2*n**2 + 2*n - 62. Calculate i(0).
-62
Let m(v) = 2*v**3 - 19*v**2 + 33*v - 237. Calculate m(9).
-21
Let p(r) = 473*r - 2850. Determine p(6).
-12
Let h(v) = -v**3 + 9*v**2 + 25*v - 4. Calculate h(12).
-136
Let x(n) = 40*n - 35. What is x(7)?
245
Let j(z) = z**3 + 3*z**2 + 19*z - 6. Calculate j(2).
52
Let a(m) = -80*m + 3195. What is a(40)?
-5
Let m(a) = -16*a + 206. What is m(12)?
14
Let u(l) = l**3 - 19*l**2 - 47*l + 37. Calculate u(21).
-68
Let o(f) = f**3 - 19*f**2 + 94*f + 16. Calculate o(6).
112
Let n(x) = 1020*x - 11230. What is n(11)?
-10
Let k(b) = -2*b**3 + 128*b**2 - 126*b + 9. Calculate k(63).
9
Let w(o) = -o**2 + 73*o - 647. Calculate w(63).
-17
Let t(w) = w**3 - 33*w**2 + 30*w - 7. Determine t(32).
-71
Let a(b) = 2*b + 179. What is a(-1)?
177
Let h(c) = -3*c**3 - 5*c**2 - 26*c - 50. Determine h(-2).
6
Let v(y) = -y**2 - 99*y - 195. What is v(-97)?
-1
Let n(i) = 298*i - 7439. Calculate n(25).
11
Let n(v) = 14*v**2 - 42*v + 24. Calculate n(3).
24
Let h(l) = l**3 - 7*l**2 - 33*l + 5. Give h(10).
-25
Let t(s) = s**3 + 35*s**2 - 2*s - 60. Calculate t(-35).
10
Let s(t) = -t**3 + 13*t**2 - t - 52. Give s(13).
-65
Let q(a) = a**2 + 17*a - 1194. Calculate q(27).
-6
Let f(w) = 80*w - 530. Calculate f(6).
-50
Let j(c) = -c**2 + 2*c + 8280. Determine j(92).
0
Let m(x) = 2*x**3 - 36*x**2 + 64*x + 6. Calculate m(2).
6
Let t(x) = -x**3 + 36*x**2 + 78*x - 175. Determine t(38).
-99
Let t(g) = 149*g - 305. Calculate t(2).
-7
Let x(w) = 46*w - 24. What is x(2)?
68
Let w(i) = i**2 + 53*i + 621. Calculate w(-18).
-9
Let k(o) = 29*o + 359. What is k(-18)?
-163
Let r(d) = -874*d - 5. Give r(0).
-5
Let s(i) = 28*i - 322. Give s(8).
-98
Let u(r) = -3*r**3 + 29*r**2 + 48*r - 79. What is u(11)?
-35
Let t(m) = -m**3 - 43*m**2 - 26*m - 42. What is t(-42)?
-714
Let s(d) = d**3 + 9*d**2 - 57*d - 408. Calculate s(-7).
89
Let u(v) = 48*v**2 + 55*v + 12. Calculate u(-1).
5
Let q(t) = -t**2 + 50*t - 216. Determine q(45).
9
Let t(l) = -l**3 - 5*l**2 - l + 224. Determine t(0).
224
Let b(h) = 4*h**3 + 3*h**2 + 3*h - 2. Calculate b(-2).
-28
Let b(q) = 18*q - 324. What is b(13)?
-90
Let p(k) = -349*k + 344. Calculate p(1).
-5
Let l(k) = -202*k + 1393. Give l(7).
-21
Let d(z) = -5*z**2 + 66*z - 21. Calculate d(14).
-77
Let d(u) = 2*u**3 - 114*u**2 - 894*u - 136. Give d(64).
-8
Let k(t) = -89*t + 332. What is k(4)?
-24
Let z(l) = -24*l**2 + 33*l + 32. Give z(-1).
-25
Let p(y) = y**3 + 6*y**2 - 20*y - 79. Calculate p(-7).
12
Let k(i) = -i**3 - 2*i**2 + 15*i + 28. Calculate k(-4).
0
Let b(j) = j**3 + j**2 - 9*j + 31. Calculate b(0).
31
Let j(x) = -x**2 - 21*x - 46. What is j(-12)?
62
Let n(q) = -3*q**3 - 36*q**2 - 63*q - 39. What is n(-10)?
-9
Let p(g) = g**3 + 7*g**2 - 2*g + 41. What is p(-9)?
-103
Let j(g) = -2*g**2 - 17*g + 109. What is j(-13)?
-8
Let o(g) = g**3 + 19*g**2 - 150*g - 15. What is o(-25)?
-15
Let l(j) = -117*j + 1627. What is l(14)?
-11
Let a(q) = q**3 - 42*q**2 + 50*q - 69. Calculate a(41).
300
Let y(w) = -26*w - 2766. Calculate y(-104).
-62
Let w(l) = -1453*l + 10177. Calculate w(7).
6
Let y(x) = 26*x**3 + 3*x**2 - 3. What is y(1)?
26
Let k(n) = -113*n - 6776. Calculate k(-60).
4
Let p(o) = o**3 + 11*o**2 + 9*o - 49. What is p(-9)?
32
Let u(q) = -11*q + 337. What is u(37)?
-70
Let r(k) = 58*k - 9849. Determine r(170).
11
Let m(l) = 622*l + 21. Give m(0).
21
Let d(x) = -x**2 + 14*x - 46. What is d(7)?
3
Let y(b) = -b**3 + 7*b**2 - 18*b + 69. Give y(6).
-3
Let a(q) = -4*q**2 - 12*q + 68. What is a(-6)?
-4
Let j(z) = -27*z - 329. Calculate j(-8).
-113
L